it of 27698?
7
What is the tens digit of 2193?
9
What is the thousands digit of 32687?
2
What is the units digit of 931?
1
What is the tens digit of 776?
7
What is the units digit of 2202?
2
What is the hundreds digit of 5742?
7
What is the thousands digit of 8053?
8
What is the tens digit of 2851?
5
What is the hundreds digit of 1531?
5
What is the tens digit of 694?
9
What is the units digit of 2172?
2
What is the thousands digit of 3209?
3
What is the units digit of 1661?
1
What is the thousands digit of 1496?
1
What is the ten thousands digit of 116052?
1
What is the hundreds digit of 915?
9
What is the thousands digit of 6106?
6
What is the tens digit of 22610?
1
What is the thousands digit of 6706?
6
What is the units digit of 838?
8
What is the tens digit of 52555?
5
What is the tens digit of 1139?
3
What is the units digit of 8212?
2
What is the hundreds digit of 1754?
7
What is the hundreds digit of 43410?
4
What is the hundreds digit of 73488?
4
What is the units digit of 4100?
0
What is the ten thousands digit of 29701?
2
What is the thousands digit of 2807?
2
What is the thousands digit of 2702?
2
What is the ten thousands digit of 17450?
1
What is the thousands digit of 4534?
4
What is the units digit of 31832?
2
What is the thousands digit of 7873?
7
What is the tens digit of 4634?
3
What is the hundreds digit of 3051?
0
What is the tens digit of 1308?
0
What is the units digit of 487?
7
What is the thousands digit of 21896?
1
What is the tens digit of 29429?
2
What is the thousands digit of 80495?
0
What is the hundreds digit of 1216?
2
What is the ten thousands digit of 14808?
1
What is the thousands digit of 5451?
5
What is the tens digit of 6528?
2
What is the ten thousands digit of 71814?
7
What is the units digit of 3549?
9
What is the units digit of 55823?
3
What is the thousands digit of 3452?
3
What is the units digit of 544?
4
What is the units digit of 28604?
4
What is the thousands digit of 49530?
9
What is the thousands digit of 1897?
1
What is the thousands digit of 56154?
6
What is the thousands digit of 13752?
3
What is the tens digit of 66821?
2
What is the tens digit of 125442?
4
What is the tens digit of 71306?
0
What is the thousands digit of 1088?
1
What is the hundred thousands digit of 103515?
1
What is the ten thousands digit of 10942?
1
What is the tens digit of 26510?
1
What is the hundreds digit of 26894?
8
What is the tens digit of 485?
8
What is the tens digit of 272?
7
What is the tens digit of 8717?
1
What is the units digit of 38?
8
What is the tens digit of 116629?
2
What is the tens digit of 77327?
2
What is the units digit of 16360?
0
What is the units digit of 5140?
0
What is the units digit of 4485?
5
What is the thousands digit of 5011?
5
What is the units digit of 831?
1
What is the tens digit of 4584?
8
What is the units digit of 14364?
4
What is the tens digit of 5069?
6
What is the tens digit of 1294?
9
What is the ten thousands digit of 27623?
2
What is the hundreds digit of 675?
6
What is the units digit of 3158?
8
What is the thousands digit of 10734?
0
What is the hundreds digit of 4741?
7
What is the hundreds digit of 665?
6
What is the units digit of 2610?
0
What is the units digit of 185?
5
What is the tens digit of 6780?
8
What is the ten thousands digit of 91941?
9
What is the tens digit of 1117?
1
What is the tens digit of 891?
9
What is the units digit of 5537?
7
What is the units digit of 3987?
7
What is the thousands digit of 17240?
7
What is the tens digit of 102141?
4
What is the ten thousands digit of 33518?
3
What is the hundreds digit of 16673?
6
What is the ten thousands digit of 50655?
5
What is the hundreds digit of 61492?
4
What is the units digit of 1459?
9
What is the units digit of 1006?
6
What is the units digit of 1108?
8
What is the hundreds digit of 57887?
8
What is the tens digit of 705?
0
What is the thousands digit of 28523?
8
What is the units digit of 7271?
1
What is the hundreds digit of 434?
4
What is the tens digit of 3541?
4
What is the units digit of 285?
5
What is the hundreds digit of 3676?
6
What is the ten thousands digit of 55116?
5
What is the thousands digit of 15738?
5
What is the units digit of 686?
6
What is the units digit of 6577?
7
What is the units digit of 766?
6
What is the tens digit of 330?
3
What is the thousands digit of 6109?
6
What is the tens digit of 1578?
7
What is the units digit of 23200?
0
What is the units digit of 74156?
6
What is the units digit of 1350?
0
What is the tens digit of 47156?
5
What is the units digit of 1231?
1
What is the units digit of 721?
1
What is the hundreds digit of 11611?
6
What is the hundreds digit of 1017?
0
What is the units digit of 4124?
4
What is the thousands digit of 1948?
1
What is the hundreds digit of 195761?
7
What is the units digit of 37435?
5
What is the hundreds digit of 145?
1
What is the hundreds digit of 2068?
0
What is the thousands digit of 8401?
8
What is the thousands digit of 50652?
0
What is the tens digit of 46495?
9
What is the thousands digit of 5102?
5
What is the tens digit of 24688?
8
What is the thousands digit of 15865?
5
What is the thousands digit of 17616?
7
What is the hundreds digit of 5829?
8
What is the ten thousands digit of 43690?
4
What is the units digit of 2070?
0
What is the tens digit of 2761?
6
What is the units digit of 5675?
5
What is the thousands digit of 78187?
8
What is the units digit of 364?
4
What is the hundreds digit of 127073?
0
What is the units digit of 166727?
7
What is the tens digit of 25079?
7
What is the hundreds digit of 516?
5
What is the thousands digit of 45760?
5
What is the units digit of 3960?
0
What is the units digit of 12477?
7
What is the units digit of 6?
6
What is the thousands digit of 7627?
7
What is the units digit of 5316?
6
What is the units digit of 12189?
9
What is the thousands digit of 99992?
9
What is the ten thousands digit of 30946?
3
What is the ten thousands digit of 39321?
3
What is the tens digit of 2511?
1
What is the hundreds digit of 6009?
0
What is the hundreds digit of 80295?
2
What is the thousands digit of 8364?
8
What is the thousands digit of 1018?
1
What is the thousands digit of 36835?
6
What is the hundreds digit of 407?
4
What is the tens digit of 1690?
9
What is the thousands digit of 31265?
1
What is the units digit of 192?
2
What is the tens digit of 58475?
7
What is the hundreds digit of 27031?
0
What is the ten thousands digit of 32598?
3
What is the thousands digit of 28655?
8
What is the units digit of 650?
0
What is the units digit of 3277?
7
What is the tens digit of 823?
2
What is the units digit of 5909?
9
What is the hundreds digit of 33119?
1
What is the units digit of 1396?
6
What is the ten thousands digit of 28684?
2
What is the tens digit of 49476?
7
What is the units digit of 808?
8
What is the units digit of 68?
8
What is the thousands digit of 7716?
7
What is the tens digit of 60426?
2
What is the tens digit of 60886?
8
What is the hundreds digit of 37865?
8
What is the ten thousands digit of 143194?
4
What is the thousands digit of 70854?
0
What is the hundreds digit of 3203?
2
What is the hundreds digit of 5804?
8
What is the ten thousands digit of 35260?
3
What is the units digit of 295?
5
What is the tens digit of 4821?
2
What is the units digit of 8878?
8
What is the tens digit of 200?
0
What is the units digit of 14300?
0
What is the thousands digit of 67907?
7
What is the hundreds digit of 76182?
1
What is the hundreds digit of 554?
5
What is the units digit of 918?
8
What is the tens digit of 2722?
2
What is the hundreds digit of 23161?
1
What is the hundreds digit of 21365?
3
What is the units digit of 40988?
8
What is the thousands digit of 3736?
3
What is the ten thousands digit of 11383?
1
What is the ten thousands digit of 24023?
2
What is the tens digit of 875?
7
What is the thousands digit of 12305?
2
What is the units digit of 4165?
5
What is the hundreds digit of 20923?
9
What is the tens digit of 81102?
0
What is the units digit of 1180?
0
What is the thousands digit of 51828?
1
What is the units digit of 20201?
1
What is the thousands digit of 3042?
3
What is the hundreds digit of 5393?
3
What is the tens digit of 2068?
6
What is the tens digit o